{"id":10,"date":"2023-08-19T01:25:53","date_gmt":"2023-08-19T01:25:53","guid":{"rendered":"http:\/\/roxanajenkins.com\/?page_id=10"},"modified":"2025-08-25T01:50:48","modified_gmt":"2025-08-25T01:50:48","slug":"semblanza","status":"publish","type":"page","link":"https:\/\/roxanajenkins.com\/index.php\/semblanza\/","title":{"rendered":"Semblanza"},"content":{"rendered":"<section class=\"wpb-content-wrapper\"><p>[vc_row][vc_column width=&#8221;1\/2&#8243;][caw_single_image image_id=&#8221;213&#8243;][\/caw_single_image][\/vc_column][vc_column width=&#8221;1\/2&#8243;][vc_column_text]Roxana Pacheco Jenkins<\/p>\n<p><strong>Chilena \u2013 Estadounidense<\/strong><\/p>\n<ul>\n<li>Foreign Legal Consultant en Texas Abogada Chilena<\/li>\n<li>LL.M. Cum Laude | Especialista en Derecho Binacional Chile-EE.UU.<\/li>\n<li>Estudios de Maestr\u00eda en Trabajo Social y Familia de la Pontificia Universidad Cat\u00f3lica de Chile.<\/li>\n<li>Mediadora Familiar, Capacitada y Certificada por el Estado de Texas y Chile. Pontificia Universidad Cat\u00f3lica de Chile y Alternative Dispute Resolution Services Inc. FL<\/li>\n<li>Diploma en Probidad y Buen Gobierno, Pontificia Universidad Cat\u00f3lica de Chile.<\/li>\n<li>Diploma en Acceso a la Informaci\u00f3n P\u00fablica y Protecci\u00f3n de Datos Personales, Consejo para la Transparencia.<\/li>\n<li>Foreign Service Institute George P. Shultz National Foreign Affairs, U.S Department of State, Diploma en Trafico de Personas y Trata de personas.<\/li>\n<\/ul>\n<p data-start=\"53\" data-end=\"795\">Abogada chilena con m\u00e1s de 20 a\u00f1os de experiencia en <strong data-start=\"106\" data-end=\"212\">derecho civil, familia internacional, sucesorio, inmigraci\u00f3n Chile\u2013EE. UU. y contratos internacionales<\/strong>. Autorizada como <strong data-start=\"230\" data-end=\"273\">Foreign Legal Consultant (FLC) en Texas<\/strong> y con <strong data-start=\"280\" data-end=\"299\">LL.M. Cum Laude<\/strong> en <em data-start=\"303\" data-end=\"337\">California Western School of Law<\/em> (San Diego), posee s\u00f3lida formaci\u00f3n en derecho constitucional, migratorio e internacional. Ha liderado la <strong data-start=\"444\" data-end=\"520\">implementaci\u00f3n nacional de la Ley de Transparencia y Protecci\u00f3n de Datos<\/strong> en el Ministerio del Trabajo de Chile, trabajado en la <strong data-start=\"576\" data-end=\"611\">Embajada de EE. UU. en Santiago<\/strong> en asistencia consular y derecho de familia internacional, y se ha desempe\u00f1ado en el sector sin fines de lucro representando a personas vulnerables en materias civiles y familiares.<\/p>\n<p><strong>RECONOCIMIENTOS<\/strong><\/p>\n<ul>\n<li>EXTRA MILE AWARD, U.S. Department State. U.S. Embassy Santiago Chile.<\/li>\n<\/ul>\n<p>[\/vc_column_text][\/vc_column][\/vc_row][vc_section][vc_row][vc_column][vc_column_text]<\/p>\n<p style=\"text-align: center;\"><span style=\"color: #daa520;\">MISI\u00d3N<\/span><\/p>\n<p>Brindar asesor\u00eda legal especializada en derecho chileno a personas, familias y profesionales en los Estados Unidos, actuando como un puente jur\u00eddico entre Chile y EE.UU., con un enfoque \u00e9tico, humano y culturalmente sensible. Mi compromiso es ofrecer orientaci\u00f3n clara, confiable y efectiva en asuntos legales binacionales, garantizando a mis clientes seguridad jur\u00eddica, protecci\u00f3n de sus derechos y acompa\u00f1amiento integral en cada etapa del proceso.[\/vc_column_text][\/vc_column][\/vc_row][\/vc_section][vc_row][vc_column][vc_column_text]<\/p>\n<p style=\"text-align: center;\"><span style=\"color: #daa520;\">VISI\u00d3N <\/span><\/p>\n<p>Ser reconocida como una referente en consultor\u00eda legal internacional para la comunidad chilena e hispanohablante en EE. UU., fortaleciendo la justicia transfronteriza y colaborando activamente con profesionales del derecho en ambos pa\u00edses. Aspiramos a contribuir a una sociedad m\u00e1s informada, empoderada y protegida legalmente, donde los desaf\u00edos de migrar, invertir o resolver conflictos familiares en otro pa\u00eds se enfrenten con respaldo jur\u00eddico confiable y con sensibilidad cultural.[\/vc_column_text][\/vc_column][\/vc_row][vc_row][vc_column][caw_button animated_style=&#8221;bg_transition&#8221; btn_alignment=&#8221;center&#8221; btn_text=&#8221;Cont\u00e1ctame!&#8221; btn_link=&#8221;url:https%3A%2F%2Froxanajenkins.com%2Findex.php%2Fcontactame%2F|title:Cont%C3%A1ctame|target:_blank&#8221; btn_background_color=&#8221;#dd9933&#8243;][\/vc_column][\/vc_row][vc_row][vc_column][vc_cta h2=&#8221;Agenda tu Consulta&#8221; txt_align=&#8221;center&#8221; color=&#8221;orange&#8221;][\/vc_cta][\/vc_column][\/vc_row]<\/p>\n<\/section>","protected":false},"excerpt":{"rendered":"<p>[vc_row][vc_column width=&#8221;1\/2&#8243;][caw_single_image image_id=&#8221;213&#8243;][\/caw_single_image][\/vc_column][vc_column width=&#8221;1\/2&#8243;][vc_column_text]Roxana Pacheco Jenkins Chilena \u2013 Estadounidense Foreign Legal Consultant en Texas Abogada Chilena LL.M. Cum Laude | Especialista en Derecho Binacional Chile-EE.UU. Estudios de Maestr\u00eda en Trabajo &hellip; <\/p>\n","protected":false},"author":1,"featured_media":21,"parent":0,"menu_order":0,"comment_status":"closed","ping_status":"closed","template":"","meta":{"footnotes":""},"_links":{"self":[{"href":"https:\/\/roxanajenkins.com\/index.php\/wp-json\/wp\/v2\/pages\/10"}],"collection":[{"href":"https:\/\/roxanajenkins.com\/index.php\/wp-json\/wp\/v2\/pages"}],"about":[{"href":"https:\/\/roxanajenkins.com\/index.php\/wp-json\/wp\/v2\/types\/page"}],"author":[{"embeddable":true,"href":"https:\/\/roxanajenkins.com\/index.php\/wp-json\/wp\/v2\/users\/1"}],"replies":[{"embeddable":true,"href":"https:\/\/roxanajenkins.com\/index.php\/wp-json\/wp\/v2\/comments?post=10"}],"version-history":[{"count":49,"href":"https:\/\/roxanajenkins.com\/index.php\/wp-json\/wp\/v2\/pages\/10\/revisions"}],"predecessor-version":[{"id":576,"href":"https:\/\/roxanajenkins.com\/index.php\/wp-json\/wp\/v2\/pages\/10\/revisions\/576"}],"wp:featuredmedia":[{"embeddable":true,"href":"https:\/\/roxanajenkins.com\/index.php\/wp-json\/wp\/v2\/media\/21"}],"wp:attachment":[{"href":"https:\/\/roxanajenkins.com\/index.php\/wp-json\/wp\/v2\/media?parent=10"}],"curies":[{"name":"wp","href":"https:\/\/api.w.org\/{rel}","templated":true}]}}